 thousands digit of 1236?
1
What is the tens digit of 126?
2
What is the thousands digit of 13743?
3
What is the thousands digit of 2147?
2
What is the hundreds digit of 1603?
6
What is the thousands digit of 1264?
1
What is the tens digit of 29029?
2
What is the tens digit of 578?
7
What is the hundreds digit of 165?
1
What is the thousands digit of 2212?
2
What is the tens digit of 14637?
3
What is the units digit of 16078?
8
What is the tens digit of 5205?
0
What is the thousands digit of 4582?
4
What is the ten thousands digit of 28581?
2
What is the units digit of 29496?
6
What is the units digit of 5019?
9
What is the tens digit of 1572?
7
What is the ten thousands digit of 14286?
1
What is the thousands digit of 2057?
2
What is the thousands digit of 1021?
1
What is the tens digit of 29469?
6
What is the hundreds digit of 30590?
5
What is the tens digit of 8743?
4
What is the tens digit of 41908?
0
What is the thousands digit of 5265?
5
What is the tens digit of 46?
4
What is the ten thousands digit of 159603?
5
What is the hundreds digit of 3194?
1
What is the tens digit of 31178?
7
What is the hundreds digit of 7891?
8
What is the thousands digit of 3790?
3
What is the tens digit of 27423?
2
What is the tens digit of 16?
1
What is the thousands digit of 16978?
6
What is the ten thousands digit of 21172?
2
What is the ten thousands digit of 87148?
8
What is the units digit of 724?
4
What is the thousands digit of 4088?
4
What is the tens digit of 392?
9
What is the units digit of 719?
9
What is the units digit of 20924?
4
What is the thousands digit of 9994?
9
What is the hundreds digit of 89248?
2
What is the ten thousands digit of 27931?
2
What is the thousands digit of 10073?
0
What is the hundreds digit of 595?
5
What is the tens digit of 8057?
5
What is the ten thousands digit of 174661?
7
What is the ten thousands digit of 58746?
5
What is the units digit of 51981?
1
What is the ten thousands digit of 11049?
1
What is the hundreds digit of 384?
3
What is the units digit of 6781?
1
What is the tens digit of 3199?
9
What is the hundreds digit of 3559?
5
What is the hundreds digit of 830?
8
What is the units digit of 24533?
3
What is the hundreds digit of 27844?
8
What is the thousands digit of 3543?
3
What is the tens digit of 18508?
0
What is the units digit of 886?
6
What is the tens digit of 12274?
7
What is the ten thousands digit of 18106?
1
What is the tens digit of 24160?
6
What is the hundreds digit of 15653?
6
What is the tens digit of 640?
4
What is the tens digit of 353?
5
What is the hundreds digit of 83981?
9
What is the hundreds digit of 56527?
5
What is the thousands digit of 2490?
2
What is the hundreds digit of 488?
4
What is the units digit of 599?
9
What is the ten thousands digit of 36322?
3
What is the tens digit of 450?
5
What is the units digit of 4410?
0
What is the hundreds digit of 5909?
9
What is the tens digit of 47646?
4
What is the tens digit of 15738?
3
What is the thousands digit of 12510?
2
What is the units digit of 1464?
4
What is the hundreds digit of 18505?
5
What is the thousands digit of 3267?
3
What is the hundreds digit of 1078?
0
What is the units digit of 939?
9
What is the thousands digit of 19108?
9
What is the units digit of 2303?
3
What is the units digit of 2447?
7
What is the tens digit of 4389?
8
What is the thousands digit of 17282?
7
What is the units digit of 428?
8
What is the thousands digit of 2758?
2
What is the thousands digit of 4491?
4
What is the thousands digit of 3702?
3
What is the units digit of 602?
2
What is the thousands digit of 126306?
6
What is the units digit of 82682?
2
What is the units digit of 10159?
9
What is the thousands digit of 26327?
6
What is the thousands digit of 8689?
8
What is the thousands digit of 4403?
4
What is the ten thousands digit of 43965?
4
What is the hundreds digit of 634?
6
What is the thousands digit of 148196?
8
What is the hundreds digit of 9038?
0
What is the units digit of 907?
7
What is the hundreds digit of 1284?
2
What is the tens digit of 7862?
6
What is the hundreds digit of 2231?
2
What is the thousands digit of 5115?
5
What is the thousands digit of 5654?
5
What is the thousands digit of 39765?
9
What is the tens digit of 2932?
3
What is the thousands digit of 1816?
1
What is the tens digit of 33798?
9
What is the units digit of 2805?
5
What is the hundreds digit of 1062?
0
What is the thousands digit of 5005?
5
What is the thousands digit of 2002?
2
What is the tens digit of 59?
5
What is the hundreds digit of 2546?
5
What is the hundreds digit of 329?
3
What is the tens digit of 174906?
0
What is the hundreds digit of 3391?
3
What is the units digit of 39145?
5
What is the hundreds digit of 2089?
0
What is the ten thousands digit of 10861?
1
What is the tens digit of 1644?
4
What is the ten thousands digit of 27945?
2
What is the hundreds digit of 7564?
5
What is the units digit of 1259?
9
What is the tens digit of 501?
0
What is the hundreds digit of 1617?
6
What is the units digit of 10444?
4
What is the ten thousands digit of 10407?
1
What is the thousands digit of 1636?
1
What is the tens digit of 279?
7
What is the tens digit of 590?
9
What is the tens digit of 8918?
1
What is the units digit of 2056?
6
What is the thousands digit of 158434?
8
What is the units digit of 101705?
5
What is the thousands digit of 1046?
1
What is the units digit of 3006?
6
What is the hundreds digit of 84048?
0
What is the units digit of 310?
0
What is the hundreds digit of 47436?
4
What is the tens digit of 3545?
4
What is the units digit of 103821?
1
What is the hundreds digit of 7568?
5
What is the hundreds digit of 13800?
8
What is the hundreds digit of 3690?
6
What is the tens digit of 818?
1
What is the tens digit of 990?
9
What is the hundreds digit of 28318?
3
What is the tens digit of 1296?
9
What is the tens digit of 8564?
6
What is the tens digit of 17344?
4
What is the thousands digit of 25973?
5
What is the hundreds digit of 34169?
1
What is the ten thousands digit of 27828?
2
What is the tens digit of 3467?
6
What is the units digit of 444?
4
What is the ten thousands digit of 35416?
3
What is the hundreds digit of 239?
2
What is the units digit of 764?
4
What is the hundreds digit of 4843?
8
What is the hundreds digit of 8386?
3
What is the ten thousands digit of 54788?
5
What is the thousands digit of 84560?
4
What is the units digit of 2605?
5
What is the hundreds digit of 1835?
8
What is the hundreds digit of 681?
6
What is the tens digit of 3627?
2
What is the tens digit of 91728?
2
What is the hundreds digit of 2409?
4
What is the units digit of 13719?
9
What is the ten thousands digit of 28478?
2
What is the hundreds digit of 1169?
1
What is the units digit of 407?
7
What is the units digit of 895?
5
What is the tens digit of 10180?
8
What is the tens digit of 775?
7
What is the hundreds digit of 1062?
0
What is the hundreds digit of 1096?
0
What is the units digit of 25526?
6
What is the thousands digit of 3144?
3
What is the hundreds digit of 436?
4
What is the ten thousands digit of 162679?
6
What is the hundreds digit of 442?
4
What is the tens digit of 1120?
2
What is the thousands digit of 1694?
1
What is the tens digit of 10753?
5
What is the tens digit of 2779?
7
What is the tens digit of 3242?
4
What is the tens digit of 1923?
2
What is the units digit of 474?
4
What is the hundreds digit of 3301?
3
What is the hundreds digit of 718?
7
What is the units digit of 2391?
1
What is the hundreds digit of 13016?
0
What is the ten thousands digit of 22930?
2
What is the tens digit of 66788?
8
What is the tens digit of 481?
8
What is the tens digit of 758?
5
What is the ten thousands digit of 22409?
2
What is the tens digit of 1535?
3
What is the hundreds digit of 3176?
1
What is the hundreds digit of 122865?
8
What is the hundreds digit of 4038?
0
What is the hundreds digit of 4059?
0
What is the hundreds digit of 4140?
1
What is the hundreds digit of 827?
8
What is the hundreds digit of 26629?
6
What is the ten thousands digit of 16999?
1
What is the ten thousands digit of 67981?
6
What is the ten thousands digit of 11907?
1
What is the units digit of 96859?
9
What is the hundreds digit of 1827?
8
What is t